920?
True
Is 8 a factor of 80693?
False
Does 4 divide 47256?
True
Does 623 divide 551978?
True
Does 1011 divide 3193749?
True
Is 908868 a multiple of 534?
True
Does 208 divide 62192?
True
Does 7 divide 3096314?
False
Is 319 a factor of 151206?
True
Is 72 a factor of 6261946?
False
Is 179 a factor of 505064?
False
Is 195001 a multiple of 75?
False
Is 10 a factor of 26870?
True
Is 4 a factor of 1817?
False
Is 666309 a multiple of 14?
False
Does 9 divide 570420?
True
Is 6204 a multiple of 11?
True
Is 119515 a multiple of 11?
True
Does 16 divide 971906?
False
Is 389072 a multiple of 252?
False
Does 16 divide 14990336?
True
Is 382452 a multiple of 203?
True
Is 15 a factor of 123974?
False
Is 77 a factor of 1022868?
True
Is 243422 a multiple of 16?
False
Is 7 a factor of 105217?
True
Is 1021152 a multiple of 305?
False
Does 1378 divide 10623002?
True
Is 99 a factor of 4472118?
False
Does 17 divide 72879?
True
Is 186020 a multiple of 592?
False
Is 5 a factor of 284660?
True
Does 81 divide 8100?
True
Is 75018 a multiple of 36?
False
Does 371 divide 20776?
True
Is 628 a factor of 4668552?
True
Is 358275 a multiple of 51?
True
Does 22 divide 36894?
True
Does 15 divide 72132?
False
Is 33 a factor of 616544?
False
Is 866172 a multiple of 4?
True
Is 92 a factor of 111256?
False
Does 111 divide 8356746?
True
Is 32496 a multiple of 12?
True
Is 239760 a multiple of 10?
True
Does 23 divide 9913?
True
Is 5565 a multiple of 159?
True
Is 523 a factor of 156377?
True
Is 1291255 a multiple of 35?
True
Does 75 divide 160800?
True
Does 236 divide 20884357?
False
Is 16 a factor of 277264?
True
Does 616 divide 863006?
False
Is 34 a factor of 51408?
True
Is 223021 a multiple of 28?
False
Is 894167 a multiple of 106?
False
Does 38 divide 3929647?
False
Does 412 divide 120716?
True
Does 21 divide 182685?
False
Is 6 a factor of 2770729?
False
Does 52 divide 6634420?
True
Is 105 a factor of 5840790?
False
Is 2830352 a multiple of 57?
False
Is 3 a factor of 51183?
True
Is 4020336 a multiple of 144?
True
Is 181423 a multiple of 393?
False
Does 278 divide 2545651?
False
Is 352 a factor of 10510?
False
Is 668597 a multiple of 86?
False
Is 251664 a multiple of 21?
True
Is 2433024 a multiple of 1584?
True
Is 31 a factor of 61938?
True
Does 44 divide 4238212?
True
Is 908250 a multiple of 50?
True
Does 134 divide 14019080?
True
Is 177 a factor of 84252?
True
Does 8 divide 2984538?
False
Is 330915 a multiple of 195?
True
Does 13 divide 332998?
False
Is 165118 a multiple of 222?
False
Does 27 divide 545562?
True
Does 559 divide 139424?
False
Is 159852 a multiple of 462?
True
Is 69925 a multiple of 148?
False
Is 218973 a multiple of 106?
False
Does 10 divide 77640?
True
Is 265 a factor of 312390?
False
Is 218 a factor of 628539?
False
Is 1045 a factor of 1385222?
False
Is 19 a factor of 534413?
True
Is 4801520 a multiple of 470?
True
Is 52 a factor of 1084304?
True
Is 43 a factor of 3098709?
True
Is 62 a factor of 13420?
False
Is 874115 a multiple of 35?
False
Is 1344 a factor of 330641?
False
Is 146 a factor of 270538?
True
Is 6 a factor of 205609?
False
Is 62 a factor of 99171?
False
Does 19 divide 62788?
False
Is 366697 a multiple of 20?
False
Is 19 a factor of 66906?
False
Does 22 divide 476388?
True
Is 98 a factor of 8389?
False
Is 33 a factor of 5881755?
True
Does 11 divide 503338?
True
Does 63 divide 33138?
True
Is 30120 a multiple of 12?
True
Is 1610190 a multiple of 18?
True
Is 4286238 a multiple of 606?
True
Is 193960 a multiple of 10?
True
Is 1696416 a multiple of 164?
True
Does 77 divide 35010?
False
Does 8 divide 238706?
False
Is 662 a factor of 1433230?
True
Is 9 a factor of 27432?
True
Does 175 divide 58975?
True
Does 41 divide 61090?
True
Does 8 divide 2031576?
True
Is 30629 a multiple of 118?
False
Is 1459887 a multiple of 143?
True
Does 131 divide 21787113?
False
Is 20128986 a multiple of 26?
False
Is 2 a factor of 82731?
False
Is 73 a factor of 1252661?
False
Is 3134 a multiple of 130?
False
Is 334747 a multiple of 203?
True
Is 10 a factor of 11080?
True
Does 104 divide 85230?
False
Is 82 a factor of 2747083?
False
Is 42 a factor of 330733?
False
Is 14 a factor of 16708833?
False
Is 684741 a multiple of 123?
True
Is 237796 a multiple of 60?
False
Is 70579 a multiple of 120?
False
Does 31 divide 105150?
False
Is 339 a factor of 2737806?
False
Is 67090 a multiple of 210?
False
Is 444567 a multiple of 17?
True
Is 13758848 a multiple of 21?
False
Is 110 a factor of 80190?
True
Is 2638464 a multiple of 96?
True
Does 18 divide 1084800?
False
Is 2899712 a multiple of 188?
True
Is 74 a factor of 3302102?
True
Is 108 a factor of 270781?
False
Is 7 a factor of 100127?
False
Is 56 a factor of 3508624?
True
Is 552334 a multiple of 29?
True
Does 188 divide 6200863?
False
Does 120 divide 4498200?
True
Does 18 divide 1995138?
True
Does 12 divide 41929?
False
Is 61630 a multiple of 17?
False
Is 9272088 a multiple of 84?
True
Does 4 divide 5816?
True
Is 9 a factor of 1592701?
False
Does 31 divide 385547?
True
Is 58665 a multiple of 23?
False
Does 15 divide 3675360?
True
Does 3 divide 262245?
True
Does 388 divide 5529388?
True
Does 17 divide 178530?
False
Does 364 divide 169083?
False
Does 139 divide 15429?
True
Does 64 divide 422204?
False
Does 5 divide 1804495?
True
Is 23 a factor of 43206?
False
Does 5 divide 355280?
True
Is 19 a factor of 129732?
True
Is 113 a factor of 377533?
True
Is 20309838 a multiple of 359?
False
Is 55 a factor of 7535?
True
Is 13 a factor of 15903?
False
Is 238 a factor of 1071714?
True
Is 14840856 a multiple of 40?
False
Is 86 a factor of 437935?
False
Does 14 divide 449027?
False
Does 22 divide 25485714?
False
Is 38 a factor of 316231?
False
Does 563 divide 1958114?
True
Does 293 divide 425509?
False
Does 12 divide 15737?
False
Is 54254 a multiple of 60?
False
Is 8 a factor of 495299?
False
Does 949 divide 1239501?
False
Does 55 divide 3509766?
False
Is 221576 a multiple of 11?
False
Does 37 divide 540238?
False
Does 56 divide 391590?
False
Does 51 divide 180438?
True
Is 14994 a multiple of 42?
True
Does 15 divide 170579?
False
Is 778988 a multiple of 86?
True
Is 54 a factor of 189744?
False
Is 815238 a multiple of 27?
True
Does 17 divide 13570250?
True
Does 1527 divide 23051592?
True
Does 9 divide 8297721?
True
Is 257992 a multiple of 34?
True
Is 63 a factor of 65207?
False
Is 385 a factor of 169015?
True
Does 719 divide 9956712?
True
Does 60 divide 393543?
False
Does 7 divide 438263?
True
Does 8 divide 1041232?
True
Is 46773 a multiple of 3?
True
Does 16 divide 281600?
True
Is 539664 a multiple of 48?
True
Does 155 divide 1127470?
True
Is 134791 a multiple of 21?
False
Does 11 divide 1348303?
True
Is 30 a factor of 1712864?
False
Is 48245 a multiple of 94?
False
Is 19 a factor of 75411?
True
Is 468 a multiple of 6?
True
Does 320 divide 31726?
False
Is 4 a factor of 47546?
False
Does 8 divide 49310?
False
Does 160 divide 251328?
False
Is 10 a factor of 5121600?
True
Is 22287 a multiple of 69?
True
Is 677368 a multiple of 5?
False
Does 962 divide 14477138?
True
Does 373 divide 3219024?
False
Is 857282 a multiple of 60?
False
Does 17 divide 540468?
False
Does 220 divide 1292060?
True
Is 159 a factor of 650227?
False
Is 469136 a multiple of 8?
True
Does 121 divide 24101015?
False
Is 14 a factor of 410004?
True
Does 15 divide 1395468?
False
Does 328 divide 389580?
False
Does 16 divide 255133?
False
Is 49 a factor of 251988?
False
Is 5 a factor of 3444?
False
Is 7117630 a multiple of 10?
True
Does 93 divide 919956?
True
Is 10858 a multiple of 107?
False
Does 14 divide 228037?
False
Does 172 divide 179052?
True
Is 13 a factor of 299844?
False
Is 15 a factor of 20970?
True
Does 511 divide 7117982?
False
Is 171 a factor of 263169?
True
Does 20 divide 1379950?
False
Is 8030 a multiple of 5?
True
Is 42 a factor of 270986?
False
Is 32821 a multiple of 46?
False
Is 477815 a multiple of 13?
True
Is 85 a factor of 544238?
False
Is 20790096 a multiple of 2182?
True
Is 31248 a multiple of 3?
True
Does 289 divide 319056?
True
Is 6618414 a multiple of 22?
True
Is 559 a factor of 4627550?
False
Does 39 divide 162396?
True
Does 424 divide 239367?
False
Is 10 a factor of 21040?
True
Is 11 a factor of 178143?
False
Is 2175 a multiple of 58?
False
Does 35 divide 104020?
